{"id":24117,"date":"2018-05-30T14:11:32","date_gmt":"2018-05-30T12:11:32","guid":{"rendered":"https:\/\/www.treatwell.es\/in-the-glow\/?page_id=14028"},"modified":"2026-02-04T10:07:17","modified_gmt":"2026-02-04T10:07:17","slug":"avertissement","status":"publish","type":"page","link":"https:\/\/www.treatwell.ch/fr/treatment-files\/avertissement\/","title":{"rendered":"Avertissement"},"content":{"rendered":"<p>Les informations contenues dans le blog Identit\u00e9 repr\u00e9sentent uniquement des informations g\u00e9n\u00e9rales. L&#8217;information est fournie par Treatwell et, tout en nous effor\u00e7ant de garder l&#8217;information \u00e0 jour et correcte, nous ne tenons aucune garantie, explicite ou implicite, quant \u00e0 l&#8217;exhaustivit\u00e9, l&#8217;exactitude, la fiabilit\u00e9, l&#8217;ad\u00e9quation ou la disponibilit\u00e9 des informations, produits, services ou images contenus sur <a href=\"https:\/\/www.treatwell.ch\/fr\">www.treatwell.ch\/fr<\/a>. Votre utilisation de toute information, produits et\/ou services, doit \u00eatre bas\u00e9e sur votre propre assiduit\u00e9 et vous devez consulter un professionnel appropri\u00e9 pour des conseils sp\u00e9cifiques adapt\u00e9s \u00e0 vos besoins et \u00e0 votre situation. Vous seul \u00eates responsable de l&#8217;interpr\u00e9tation de ces informations.<\/p>\n<p>Les informations contenues dans le blog Identit\u00e9 ne doivent pas \u00eatre utilis\u00e9es comme alternative aux conseils de votre m\u00e9decin ou d&#8217;un autre professionnel de la sant\u00e9. Dans la mesure o\u00f9 vous avez besoin de conseils m\u00e9dicaux, vous devez consulter votre m\u00e9decin ou un autre professionnel de la sant\u00e9.<\/p>\n<p>Sur notre site, vous trouverez des liens conduisant \u00e0 d&#8217;autres sites internet qui ne sont pas sous le contr\u00f4le de Treatwell. Nous n&#8217;avons donc aucun contr\u00f4le sur la nature, le contenu et la disponibilit\u00e9 de ces sites et nous ne serons pas responsables de ces derniers. La pr\u00e9sence de ces liens sur notre site implique aucune recommandation ni notre accord avec les opinions exprim\u00e9es.<\/p>\n<p>En aucun cas nous ne sommes responsables des dommages directs, indirects, punitifs, accessoires, sp\u00e9ciaux, cons\u00e9cutifs ou de tout dommage d\u00e9coulant ou li\u00e9s de quelque fa\u00e7on que ce soit \u00e0 l&#8217;utilisation ou \u00e0 l&#8217;ex\u00e9cution de l&#8217;information, des produits, des services ou de la d\u00e9pendance du contenu de <a href=\"https:\/\/www.treatwell.ch\/fr\">www.treatwell.ch\/fr<\/a>.<\/p>\n","protected":false},"excerpt":{"rendered":"<p>Les informations contenues dans le blog Identit\u00e9 repr\u00e9sentent uniquement des informations g\u00e9n\u00e9rales. L&#8217;information est fournie par Treatwell et, tout en nous effor\u00e7ant de garder l&#8217;information \u00e0 jour et correcte, nous ne tenons aucune garantie, explicite ou implicite, quant \u00e0 l&#8217;exhaustivit\u00e9, l&#8217;exactitude, la fiabilit\u00e9, l&#8217;ad\u00e9quation ou la disponibilit\u00e9 des informations, produits, services ou images contenus sur [&hellip;]<\/p>\n","protected":false},"author":3398,"featured_media":0,"parent":0,"menu_order":0,"comment_status":"closed","ping_status":"closed","template":"","meta":{"_acf_changed":false,"_genesis_hide_title":false,"_genesis_hide_breadcrumbs":false,"_genesis_hide_singular_image":false,"_genesis_hide_footer_widgets":false,"_genesis_custom_body_class":"","_genesis_custom_post_class":"","_genesis_layout":"","saswp_custom_schema_field":"","footnotes":""},"class_list":{"0":"post-24117","1":"page","2":"type-page","3":"status-publish","5":"entry"},"acf":[],"yoast_head":"<!-- This site is optimized with the Yoast SEO plugin v27.3 - https:\/\/yoast.com\/product\/yoast-seo-wordpress\/ -->\n<title>Avertissement | Treatwell<\/title>\n<meta name=\"robots\" content=\"index, follow, max-snippet:-1, max-image-preview:large, max-video-preview:-1\" \/>\n<link rel=\"canonical\" href=\"https:\/\/www.treatwell.ch/fr/treatment-files\/avertissement\/\" \/>\n<meta property=\"og:locale\" content=\"fr_FR\" \/>\n<meta property=\"og:type\" content=\"article\" \/>\n<meta property=\"og:title\" content=\"Avertissement | Treatwell\" \/>\n<meta property=\"og:description\" content=\"Les informations contenues dans le blog Identit\u00e9 repr\u00e9sentent uniquement des informations g\u00e9n\u00e9rales. L&#8217;information est fournie par Treatwell et, tout en nous effor\u00e7ant de garder l&#8217;information \u00e0 jour et correcte, nous ne tenons aucune garantie, explicite ou implicite, quant \u00e0 l&#8217;exhaustivit\u00e9, l&#8217;exactitude, la fiabilit\u00e9, l&#8217;ad\u00e9quation ou la disponibilit\u00e9 des informations, produits, services ou images contenus sur [&hellip;]\" \/>\n<meta property=\"og:url\" content=\"https:\/\/www.treatwell.ch/fr/treatment-files\/avertissement\/\" \/>\n<meta property=\"og:site_name\" content=\"The Treatment Files Blog\" \/>\n<meta property=\"article:modified_time\" content=\"2026-02-04T10:07:17+00:00\" \/>\n<meta name=\"twitter:card\" content=\"summary_large_image\" \/>\n<meta name=\"twitter:label1\" content=\"Dur\u00e9e de lecture estim\u00e9e\" \/>\n\t<meta name=\"twitter:data1\" content=\"2 minutes\" \/>\n<script type=\"application\/ld+json\" class=\"yoast-schema-graph\">{\"@context\":\"https:\\\/\\\/schema.org\",\"@graph\":[{\"@type\":\"WebPage\",\"@id\":\"https:\\\/\\\/www.treatwell.ch/fr/treatment-files\\\/avertissement\\\/\",\"url\":\"https:\\\/\\\/www.treatwell.ch/fr/treatment-files\\\/avertissement\\\/\",\"name\":\"Avertissement | Treatwell\",\"isPartOf\":{\"@id\":\"https:\\\/\\\/www.treatwell.ch/fr/treatment-files\\\/#website\"},\"datePublished\":\"2018-05-30T12:11:32+00:00\",\"dateModified\":\"2026-02-04T10:07:17+00:00\",\"breadcrumb\":{\"@id\":\"https:\\\/\\\/www.treatwell.ch/fr/treatment-files\\\/avertissement\\\/#breadcrumb\"},\"inLanguage\":\"fr-FR\",\"potentialAction\":[{\"@type\":\"ReadAction\",\"target\":[\"https:\\\/\\\/www.treatwell.ch/fr/treatment-files\\\/avertissement\\\/\"]}]},{\"@type\":\"BreadcrumbList\",\"@id\":\"https:\\\/\\\/www.treatwell.ch/fr/treatment-files\\\/avertissement\\\/#breadcrumb\",\"itemListElement\":[{\"@type\":\"ListItem\",\"position\":1,\"name\":\"Home\",\"item\":\"https:\\\/\\\/www.treatwell.ch/fr/treatment-files\\\/\"},{\"@type\":\"ListItem\",\"position\":2,\"name\":\"Avertissement\"}]},{\"@type\":\"WebSite\",\"@id\":\"https:\\\/\\\/www.treatwell.ch/fr/treatment-files\\\/#website\",\"url\":\"https:\\\/\\\/www.treatwell.ch/fr/treatment-files\\\/\",\"name\":\"The Treatment Files Blog\",\"description\":\"\",\"publisher\":{\"@id\":\"https:\\\/\\\/www.treatwell.ch/fr/treatment-files\\\/#organization\"},\"potentialAction\":[{\"@type\":\"SearchAction\",\"target\":{\"@type\":\"EntryPoint\",\"urlTemplate\":\"https:\\\/\\\/www.treatwell.ch/fr/treatment-files\\\/?s={search_term_string}\"},\"query-input\":{\"@type\":\"PropertyValueSpecification\",\"valueRequired\":true,\"valueName\":\"search_term_string\"}}],\"inLanguage\":\"fr-FR\"},{\"@type\":\"Organization\",\"@id\":\"https:\\\/\\\/www.treatwell.ch/fr/treatment-files\\\/#organization\",\"name\":\"Treatwell\",\"url\":\"https:\\\/\\\/www.treatwell.ch/fr/treatment-files\\\/\",\"logo\":{\"@type\":\"ImageObject\",\"inLanguage\":\"fr-FR\",\"@id\":\"https:\\\/\\\/www.treatwell.ch/fr/treatment-files\\\/#\\\/schema\\\/logo\\\/image\\\/\",\"url\":\"\",\"contentUrl\":\"\",\"caption\":\"Treatwell\"},\"image\":{\"@id\":\"https:\\\/\\\/www.treatwell.ch/fr/treatment-files\\\/#\\\/schema\\\/logo\\\/image\\\/\"}}]}<\/script>\n<!-- \/ Yoast SEO plugin. -->","yoast_head_json":{"title":"Avertissement | Treatwell","robots":{"index":"index","follow":"follow","max-snippet":"max-snippet:-1","max-image-preview":"max-image-preview:large","max-video-preview":"max-video-preview:-1"},"canonical":"https:\/\/www.treatwell.ch/fr/treatment-files\/avertissement\/","og_locale":"fr_FR","og_type":"article","og_title":"Avertissement | Treatwell","og_description":"Les informations contenues dans le blog Identit\u00e9 repr\u00e9sentent uniquement des informations g\u00e9n\u00e9rales. L&#8217;information est fournie par Treatwell et, tout en nous effor\u00e7ant de garder l&#8217;information \u00e0 jour et correcte, nous ne tenons aucune garantie, explicite ou implicite, quant \u00e0 l&#8217;exhaustivit\u00e9, l&#8217;exactitude, la fiabilit\u00e9, l&#8217;ad\u00e9quation ou la disponibilit\u00e9 des informations, produits, services ou images contenus sur [&hellip;]","og_url":"https:\/\/www.treatwell.ch/fr/treatment-files\/avertissement\/","og_site_name":"The Treatment Files Blog","article_modified_time":"2026-02-04T10:07:17+00:00","twitter_card":"summary_large_image","twitter_misc":{"Dur\u00e9e de lecture estim\u00e9e":"2 minutes"},"schema":{"@context":"https:\/\/schema.org","@graph":[{"@type":"WebPage","@id":"https:\/\/www.treatwell.ch/fr/treatment-files\/avertissement\/","url":"https:\/\/www.treatwell.ch/fr/treatment-files\/avertissement\/","name":"Avertissement | Treatwell","isPartOf":{"@id":"https:\/\/www.treatwell.ch/fr/treatment-files\/#website"},"datePublished":"2018-05-30T12:11:32+00:00","dateModified":"2026-02-04T10:07:17+00:00","breadcrumb":{"@id":"https:\/\/www.treatwell.ch/fr/treatment-files\/avertissement\/#breadcrumb"},"inLanguage":"fr-FR","potentialAction":[{"@type":"ReadAction","target":["https:\/\/www.treatwell.ch/fr/treatment-files\/avertissement\/"]}]},{"@type":"BreadcrumbList","@id":"https:\/\/www.treatwell.ch/fr/treatment-files\/avertissement\/#breadcrumb","itemListElement":[{"@type":"ListItem","position":1,"name":"Home","item":"https:\/\/www.treatwell.ch/fr/treatment-files\/"},{"@type":"ListItem","position":2,"name":"Avertissement"}]},{"@type":"WebSite","@id":"https:\/\/www.treatwell.ch/fr/treatment-files\/#website","url":"https:\/\/www.treatwell.ch/fr/treatment-files\/","name":"The Treatment Files Blog","description":"","publisher":{"@id":"https:\/\/www.treatwell.ch/fr/treatment-files\/#organization"},"potentialAction":[{"@type":"SearchAction","target":{"@type":"EntryPoint","urlTemplate":"https:\/\/www.treatwell.ch/fr/treatment-files\/?s={search_term_string}"},"query-input":{"@type":"PropertyValueSpecification","valueRequired":true,"valueName":"search_term_string"}}],"inLanguage":"fr-FR"},{"@type":"Organization","@id":"https:\/\/www.treatwell.ch/fr/treatment-files\/#organization","name":"Treatwell","url":"https:\/\/www.treatwell.ch/fr/treatment-files\/","logo":{"@type":"ImageObject","inLanguage":"fr-FR","@id":"https:\/\/www.treatwell.ch/fr/treatment-files\/#\/schema\/logo\/image\/","url":"","contentUrl":"","caption":"Treatwell"},"image":{"@id":"https:\/\/www.treatwell.ch/fr/treatment-files\/#\/schema\/logo\/image\/"}}]}},"featured_image_src":null,"featured_image_src_square":null,"_links":{"self":[{"href":"https:\/\/www.treatwell.ch\/fr\/treatment-files\/wp-json\/wp\/v2\/pages\/24117","targetHints":{"allow":["GET"]}}],"collection":[{"href":"https:\/\/www.treatwell.ch\/fr\/treatment-files\/wp-json\/wp\/v2\/pages"}],"about":[{"href":"https:\/\/www.treatwell.ch\/fr\/treatment-files\/wp-json\/wp\/v2\/types\/page"}],"author":[{"embeddable":true,"href":"https:\/\/www.treatwell.ch\/fr\/treatment-files\/wp-json\/wp\/v2\/users\/3398"}],"replies":[{"embeddable":true,"href":"https:\/\/www.treatwell.ch\/fr\/treatment-files\/wp-json\/wp\/v2\/comments?post=24117"}],"version-history":[{"count":0,"href":"https:\/\/www.treatwell.ch\/fr\/treatment-files\/wp-json\/wp\/v2\/pages\/24117\/revisions"}],"wp:attachment":[{"href":"https:\/\/www.treatwell.ch\/fr\/treatment-files\/wp-json\/wp\/v2\/media?parent=24117"}],"curies":[{"name":"wp","href":"https:\/\/api.w.org\/{rel}","templated":true}]}}