{"id":7742,"date":"2018-07-09T13:20:27","date_gmt":"2018-07-09T13:20:27","guid":{"rendered":"https:\/\/www.treatwell.de\/inspiration\/?page_id=7742"},"modified":"2018-07-23T08:27:38","modified_gmt":"2018-07-23T08:27:38","slug":"last-minute","status":"publish","type":"page","link":"https:\/\/www.treatwell.ch/inspiration\/last-minute\/","title":{"rendered":"Last-Minute"},"content":{"rendered":"<p>\t\t\t\t<img decoding=\"async\" src=\"https:\/\/de-de.twinspiration.wpengine.treatwell.com\/wp-content\/uploads\/sites\/7\/2018\/07\/Hero-mobile.gif\" alt=\"Hero-mobile\" \/><\/p>\n<p style=\"text-align: center\"><strong>Finde Beauty-Termine Last-Minute<\/strong><\/p>\n<p style=\"text-align: left\"><strong>Finde Beauty-Termine Last-Minute<\/strong><\/p>\n<p>\t\t\t\t<img decoding=\"async\" src=\"https:\/\/de-de.twinspiration.wpengine.treatwell.com\/wp-content\/uploads\/sites\/7\/2018\/07\/TW_DACH_Last-minute-Landingpage_pedicure_TR.jpg\" alt=\"TW_DACH_Last minute Landingpage_pedicure_TR\" \/><\/p>\n<p style=\"text-align: left\">Spontan Zeit f\u00fcr\u00a0\u00a0<\/p>\n<p style=\"text-align: left\">ein N\u00e4gel-Upgrade? \u00a0<\/p>\n<p>Spontan Zeit f\u00fcr <\/p>\n<p>\u00a0 \u00a0 ein N\u00e4gel-Upgrade?<\/p>\n<p style=\"text-align: justify\">Nutze die freie Zeit und buche dir eine Mani &amp; Pedi einfach spontan.<\/p>\n<p>\t\t\t<a href=\"https:\/\/www.treatwell.ch\/orte\/behandlung-pedikuere\/angebot-typ-lokal\/ext-in-4714\/kaufen-als-buchung\/verfuegbar-in-den-naechsten-7-tage\/?mkt_params=GC~x_LC~lastminute18_PM~LP-slot_CM~x\" target=\"_self\" role=\"button\"><br \/>\n\t\t\t\t\t\t\tJetzt Last-Minute buchen<br \/>\n\t\t\t\t\t<\/a><\/p>\n<p style=\"text-align: center\">Lust auf eine\u00a0 \u00a0 \u00a0 \u00a0 \u00a0Ver\u00e4nderung?<\/p>\n<p style=\"text-align: center\"><b>Lust auf eine Ver\u00e4nderung?<\/b><\/p>\n<p style=\"text-align: justify\">Und das am liebsten sofort? Buche deinen Friseur-Termin einfach spontan.\u00a0<\/p>\n<p>\t\t\t<a href=\"https:\/\/www.treatwell.ch\/orte\/behandlung-damenhaarschnitt\/angebot-typ-lokal\/in-ch\/kaufen-als-buchung\/verfuegbar-in-den-naechsten-7-tage\/?mkt_params=GC~x_LC~lastminute18_PM~LP-slot_CM~x\" target=\"_self\" role=\"button\"><br \/>\n\t\t\t\t\t\t\tLast-Minute buchen<br \/>\n\t\t\t\t\t<\/a><br \/>\n\t\t\t\t<img decoding=\"async\" src=\"https:\/\/de-de.twinspiration.wpengine.treatwell.com\/wp-content\/uploads\/sites\/7\/2018\/07\/TW_DACH_Last-minute-Landingpage_hair_TR.jpg\" alt=\"TW_DACH_Last minute Landingpage_hair_TR\" \/><br \/>\n\t\t\t\t<img decoding=\"async\" src=\"https:\/\/de-de.twinspiration.wpengine.treatwell.com\/wp-content\/uploads\/sites\/7\/2018\/07\/TW_DACH_Last-minute-Landingpage_nails_TR.gif\" alt=\"TW_DACH_Last minute Landingpage_nails_TR\" \/><br \/>\n\t\t\t\t<img decoding=\"async\" src=\"https:\/\/de-de.twinspiration.wpengine.treatwell.com\/wp-content\/uploads\/sites\/7\/2018\/07\/TW_DACH_Last-minute-Landingpage_nails_TR.jpg\" alt=\"TW_DACH_Last minute Landingpage_nails_TR\" \/><\/p>\n<p>\u00a0Mani in 30\u00a0<\/p>\n<p>Minuten?\u00a0<\/p>\n<p>Mani in 30 Minuten?<\/p>\n<p>Deine N\u00e4gel brauchen ein Upgrade und zwar genau jetzt? Buch&#8216; deinen Termin einfach spontan.<\/p>\n<p>\t\t\t<a href=\"https:\/\/www.treatwell.ch\/orte\/behandlung-gel-manicure,manikuere\/angebot-typ-lokal\/in-ch\/kaufen-als-buchung\/verfuegbar-in-den-naechsten-7-tage\/?mkt_params=GC~x_LC~lastminute18_PM~LP-slot_CM~x\" target=\"_self\" role=\"button\"><br \/>\n\t\t\t\t\t\t\tLast-Minute buchen<br \/>\n\t\t\t\t\t<\/a><\/p>\n<p style=\"text-align: center\"><b>Morgen noch<\/b><\/p>\n<p style=\"text-align: center\">nichts vor?<\/p>\n<p>Buch&#8216; deinen Friseurtermin genau dann, wann es dir wirklich passt. Heute, morgen oder \u00fcbermorgen? Du hast die Wahl!<\/p>\n<p>\t\t\t<a href=\"https:\/\/www.treatwell.ch\/orte\/behandlung-maennerhaarschnitte\/angebot-typ-lokal\/in-ch\/?mkt_params=GC~x_LC~lastminute18_PM~LP-slot_CM~x\" target=\"_self\" role=\"button\"><br \/>\n\t\t\t\t\t\t\tLast-Minute buchen<br \/>\n\t\t\t\t\t<\/a><br \/>\n\t\t\t\t<img decoding=\"async\" src=\"https:\/\/de-de.twinspiration.wpengine.treatwell.com\/wp-content\/uploads\/sites\/7\/2018\/07\/TW_DACH_Last-minute-Landingpage_men-hair_TR.jpg\" alt=\"TW_DACH_Last minute Landingpage_men hair_TR\" \/><\/p>\n<p>Beauty-Termine<\/p>\n<p>f\u00fcr zwischendurch<\/p>\n<p>Beauty-Termine f\u00fcr zwischendurch<\/p>\n<p>Buche Beauty jederzeit, egal wo du bist. Spontan von unterwegs oder Abends auf dem Sofa.<\/p>\n<p>\t\t\t<a href=\"https:\/\/itunes.apple.com\/gb\/app\/treatwell\/id814443140\/?mkt_params=GC~x_LC~lastminute18_PM~LP-slot_CM~phone\" target=\"_self\" role=\"button\"><br \/>\n\t\t\t\t\t\t\tApp herunterladen<br \/>\n\t\t\t\t\t<\/a><br \/>\n\t\t\t\t<img decoding=\"async\" src=\"https:\/\/de-de.twinspiration.wpengine.treatwell.com\/wp-content\/uploads\/sites\/7\/2018\/07\/TW_DACH_TW_DACH_Last-minute-Landingpage_mobile_TR.png\" alt=\"TW_DACH_TW_DACH_Last minute Landingpage_mobile_TR\" \/><br \/>\n\t\t\t\t<img decoding=\"async\" src=\"https:\/\/de-de.twinspiration.wpengine.treatwell.com\/wp-content\/uploads\/sites\/7\/2018\/07\/lastmin_nackenmassage.jpg\" alt=\"lastmin_nackenmassage\" \/><\/p>\n<p style=\"text-align: center\"><strong>Stresskiller: Nackenmassage <\/strong><\/p>\n<p style=\"text-align: justify\">Eine gute Massage lockert deinen Nacken und hilft auch sonst, so manches Problem aus der Welt zu schaffen.\u00a0Verspannungen geh\u00f6ren zu den h\u00e4ufigsten k\u00f6rperlichen Symptomen im Alltag.<\/p>\n<p>\t\t\t<a href=\"https:\/\/www.treatwell.de\/treatment-files\/stresskiller-nackenmassage-der-powerbooster-fuer-zwischendurch\/?mkt_params=GC~x_LC~lastminute18_PM~LP-slot_CM~x\" target=\"_self\" role=\"button\"><br \/>\n\t\t\t\t\t\t\tMehr erfahren<br \/>\n\t\t\t\t\t<\/a><br \/>\n\t\t\t\t<img decoding=\"async\" src=\"https:\/\/de-de.twinspiration.wpengine.treatwell.com\/wp-content\/uploads\/sites\/7\/2018\/07\/lastmin_menshair.jpg\" alt=\"9374031n\" \/><\/p>\n<p style=\"text-align: center\"><strong>Aktuelle M\u00e4nner-Trendfrisuren<\/strong><\/p>\n<p style=\"text-align: justify\">Abgesehen von der Hitzewelle die uns in Partystimmung bringt, gibt es nichts Sch\u00f6neres als einen neuen Haarschnitt: am besten kurz, einfach zu stylen und trendig. F\u00fcr einen k\u00fchlen Kopf.<\/p>\n<p>\t\t\t<a href=\"https:\/\/www.treatwell.de\/treatment-files\/maenner-verlangt-nach-diesen-frisuren-bei-eurem-barbier\/?mkt_params=GC~x_LC~lastminute18_PM~LP-slot_CM~x\" target=\"_self\" role=\"button\"><br \/>\n\t\t\t\t\t\t\tMehr erfahren<br \/>\n\t\t\t\t\t<\/a><br \/>\n\t\t\t\t<img decoding=\"async\" src=\"https:\/\/de-de.twinspiration.wpengine.treatwell.com\/wp-content\/uploads\/sites\/7\/2018\/07\/TW_DACH_Last-minute-Landingpage_nails_TR.jpg\" alt=\"TW_DACH_Last minute Landingpage_nails_TR\" \/><\/p>\n<p style=\"text-align: center\"><strong>Stresskiller: Nackenmassage <\/strong><\/p>\n<p style=\"text-align: justify\">Eine gute Massage lockert deinen Nacken und hilft auch sonst, so manches Problem aus der Welt zu schaffen.\u00a0Verspannungen geh\u00f6ren zu den h\u00e4ufigsten k\u00f6rperlichen Symptomen im Alltag.<\/p>\n<p>\t\t\t<a href=\"https:\/\/www.treatwell.de\/treatment-files\/stresskiller-nackenmassage-der-powerbooster-fuer-zwischendurch\/\" target=\"_self\" role=\"button\"><br \/>\n\t\t\t\t\t\t\tMehr erfahren<br \/>\n\t\t\t\t\t<\/a><\/p>\n","protected":false},"excerpt":{"rendered":"<p>Finde Beauty-Termine Last-Minute Finde Beauty-Termine Last-Minute Spontan Zeit f\u00fcr\u00a0\u00a0 ein N\u00e4gel-Upgrade? \u00a0 Spontan Zeit f\u00fcr \u00a0 \u00a0 ein N\u00e4gel-Upgrade? Nutze die freie Zeit und buche dir eine Mani &amp; Pedi einfach spontan. Jetzt Last-Minute buchen Lust auf eine\u00a0 \u00a0 \u00a0 \u00a0 \u00a0Ver\u00e4nderung? Lust auf eine Ver\u00e4nderung? Und das am liebsten sofort? Buche deinen Friseur-Termin einfach&hellip;<\/p>\n","protected":false},"author":113,"featured_media":7749,"parent":0,"menu_order":0,"comment_status":"closed","ping_status":"closed","template":"","meta":{"inline_featured_image":false,"footnotes":""},"class_list":["post-7742","page","type-page","status-publish","has-post-thumbnail","hentry"],"yoast_head":"<!-- This site is optimized with the Yoast SEO plugin v27.5 - https:\/\/yoast.com\/product\/yoast-seo-wordpress\/ -->\n<title>Last-Minute - Treatwell CH<\/title>\n<meta name=\"robots\" content=\"index, follow, max-snippet:-1, max-image-preview:large, max-video-preview:-1\" \/>\n<link rel=\"canonical\" href=\"https:\/\/www.treatwell.ch/inspiration\/last-minute\/\" \/>\n<meta property=\"og:locale\" content=\"de_DE\" \/>\n<meta property=\"og:type\" content=\"article\" \/>\n<meta property=\"og:title\" content=\"Last-Minute - Treatwell CH\" \/>\n<meta property=\"og:description\" content=\"Finde Beauty-Termine Last-Minute Finde Beauty-Termine Last-Minute Spontan Zeit f\u00fcr\u00a0\u00a0 ein N\u00e4gel-Upgrade? \u00a0 Spontan Zeit f\u00fcr \u00a0 \u00a0 ein N\u00e4gel-Upgrade? Nutze die freie Zeit und buche dir eine Mani &amp; Pedi einfach spontan. Jetzt Last-Minute buchen Lust auf eine\u00a0 \u00a0 \u00a0 \u00a0 \u00a0Ver\u00e4nderung? Lust auf eine Ver\u00e4nderung? Und das am liebsten sofort? Buche deinen Friseur-Termin einfach&hellip;\" \/>\n<meta property=\"og:url\" content=\"https:\/\/www.treatwell.ch/inspiration\/last-minute\/\" \/>\n<meta property=\"og:site_name\" content=\"Treatwell CH\" \/>\n<meta property=\"article:modified_time\" content=\"2018-07-23T08:27:38+00:00\" \/>\n<meta name=\"twitter:card\" content=\"summary_large_image\" \/>\n<meta name=\"twitter:label1\" content=\"Gesch\u00e4tzte Lesezeit\" \/>\n\t<meta name=\"twitter:data1\" content=\"1 Minute\" \/>\n<script type=\"application\/ld+json\" class=\"yoast-schema-graph\">{\"@context\":\"https:\\\/\\\/schema.org\",\"@graph\":[{\"@type\":\"WebPage\",\"@id\":\"https:\\\/\\\/www.treatwell.ch/inspiration\\\/last-minute\\\/\",\"url\":\"https:\\\/\\\/www.treatwell.ch/inspiration\\\/last-minute\\\/\",\"name\":\"Last-Minute - Treatwell CH\",\"isPartOf\":{\"@id\":\"https:\\\/\\\/www.treatwell.ch/inspiration\\\/#website\"},\"primaryImageOfPage\":{\"@id\":\"https:\\\/\\\/www.treatwell.ch/inspiration\\\/last-minute\\\/#primaryimage\"},\"image\":{\"@id\":\"https:\\\/\\\/www.treatwell.ch/inspiration\\\/last-minute\\\/#primaryimage\"},\"thumbnailUrl\":\"\",\"datePublished\":\"2018-07-09T13:20:27+00:00\",\"dateModified\":\"2018-07-23T08:27:38+00:00\",\"breadcrumb\":{\"@id\":\"https:\\\/\\\/www.treatwell.ch/inspiration\\\/last-minute\\\/#breadcrumb\"},\"inLanguage\":\"de-DE\",\"potentialAction\":[{\"@type\":\"ReadAction\",\"target\":[\"https:\\\/\\\/www.treatwell.ch/inspiration\\\/last-minute\\\/\"]}]},{\"@type\":\"ImageObject\",\"inLanguage\":\"de-DE\",\"@id\":\"https:\\\/\\\/www.treatwell.ch/inspiration\\\/last-minute\\\/#primaryimage\",\"url\":\"\",\"contentUrl\":\"\"},{\"@type\":\"BreadcrumbList\",\"@id\":\"https:\\\/\\\/www.treatwell.ch/inspiration\\\/last-minute\\\/#breadcrumb\",\"itemListElement\":[{\"@type\":\"ListItem\",\"position\":1,\"name\":\"Home\",\"item\":\"https:\\\/\\\/www.treatwell.ch/inspiration\\\/\"},{\"@type\":\"ListItem\",\"position\":2,\"name\":\"Last-Minute\"}]},{\"@type\":\"WebSite\",\"@id\":\"https:\\\/\\\/www.treatwell.ch/inspiration\\\/#website\",\"url\":\"https:\\\/\\\/www.treatwell.ch/inspiration\\\/\",\"name\":\"Treatwell CH\",\"description\":\"\",\"potentialAction\":[{\"@type\":\"SearchAction\",\"target\":{\"@type\":\"EntryPoint\",\"urlTemplate\":\"https:\\\/\\\/www.treatwell.ch/inspiration\\\/?s={search_term_string}\"},\"query-input\":{\"@type\":\"PropertyValueSpecification\",\"valueRequired\":true,\"valueName\":\"search_term_string\"}}],\"inLanguage\":\"de-DE\"}]}<\/script>\n<!-- \/ Yoast SEO plugin. -->","yoast_head_json":{"title":"Last-Minute - Treatwell CH","robots":{"index":"index","follow":"follow","max-snippet":"max-snippet:-1","max-image-preview":"max-image-preview:large","max-video-preview":"max-video-preview:-1"},"canonical":"https:\/\/www.treatwell.ch/inspiration\/last-minute\/","og_locale":"de_DE","og_type":"article","og_title":"Last-Minute - Treatwell CH","og_description":"Finde Beauty-Termine Last-Minute Finde Beauty-Termine Last-Minute Spontan Zeit f\u00fcr\u00a0\u00a0 ein N\u00e4gel-Upgrade? \u00a0 Spontan Zeit f\u00fcr \u00a0 \u00a0 ein N\u00e4gel-Upgrade? Nutze die freie Zeit und buche dir eine Mani &amp; Pedi einfach spontan. Jetzt Last-Minute buchen Lust auf eine\u00a0 \u00a0 \u00a0 \u00a0 \u00a0Ver\u00e4nderung? Lust auf eine Ver\u00e4nderung? Und das am liebsten sofort? Buche deinen Friseur-Termin einfach&hellip;","og_url":"https:\/\/www.treatwell.ch/inspiration\/last-minute\/","og_site_name":"Treatwell CH","article_modified_time":"2018-07-23T08:27:38+00:00","twitter_card":"summary_large_image","twitter_misc":{"Gesch\u00e4tzte Lesezeit":"1 Minute"},"schema":{"@context":"https:\/\/schema.org","@graph":[{"@type":"WebPage","@id":"https:\/\/www.treatwell.ch/inspiration\/last-minute\/","url":"https:\/\/www.treatwell.ch/inspiration\/last-minute\/","name":"Last-Minute - Treatwell CH","isPartOf":{"@id":"https:\/\/www.treatwell.ch/inspiration\/#website"},"primaryImageOfPage":{"@id":"https:\/\/www.treatwell.ch/inspiration\/last-minute\/#primaryimage"},"image":{"@id":"https:\/\/www.treatwell.ch/inspiration\/last-minute\/#primaryimage"},"thumbnailUrl":"","datePublished":"2018-07-09T13:20:27+00:00","dateModified":"2018-07-23T08:27:38+00:00","breadcrumb":{"@id":"https:\/\/www.treatwell.ch/inspiration\/last-minute\/#breadcrumb"},"inLanguage":"de-DE","potentialAction":[{"@type":"ReadAction","target":["https:\/\/www.treatwell.ch/inspiration\/last-minute\/"]}]},{"@type":"ImageObject","inLanguage":"de-DE","@id":"https:\/\/www.treatwell.ch/inspiration\/last-minute\/#primaryimage","url":"","contentUrl":""},{"@type":"BreadcrumbList","@id":"https:\/\/www.treatwell.ch/inspiration\/last-minute\/#breadcrumb","itemListElement":[{"@type":"ListItem","position":1,"name":"Home","item":"https:\/\/www.treatwell.ch/inspiration\/"},{"@type":"ListItem","position":2,"name":"Last-Minute"}]},{"@type":"WebSite","@id":"https:\/\/www.treatwell.ch/inspiration\/#website","url":"https:\/\/www.treatwell.ch/inspiration\/","name":"Treatwell CH","description":"","potentialAction":[{"@type":"SearchAction","target":{"@type":"EntryPoint","urlTemplate":"https:\/\/www.treatwell.ch/inspiration\/?s={search_term_string}"},"query-input":{"@type":"PropertyValueSpecification","valueRequired":true,"valueName":"search_term_string"}}],"inLanguage":"de-DE"}]}},"_links":{"self":[{"href":"https:\/\/www.treatwell.ch\/inspiration\/wp-json\/wp\/v2\/pages\/7742","targetHints":{"allow":["GET"]}}],"collection":[{"href":"https:\/\/www.treatwell.ch\/inspiration\/wp-json\/wp\/v2\/pages"}],"about":[{"href":"https:\/\/www.treatwell.ch\/inspiration\/wp-json\/wp\/v2\/types\/page"}],"author":[{"embeddable":true,"href":"https:\/\/www.treatwell.ch\/inspiration\/wp-json\/wp\/v2\/users\/113"}],"replies":[{"embeddable":true,"href":"https:\/\/www.treatwell.ch\/inspiration\/wp-json\/wp\/v2\/comments?post=7742"}],"version-history":[{"count":0,"href":"https:\/\/www.treatwell.ch\/inspiration\/wp-json\/wp\/v2\/pages\/7742\/revisions"}],"wp:featuredmedia":[{"embeddable":true,"href":"https:\/\/www.treatwell.ch\/inspiration\/wp-json\/"}],"wp:attachment":[{"href":"https:\/\/www.treatwell.ch\/inspiration\/wp-json\/wp\/v2\/media?parent=7742"}],"curies":[{"name":"wp","href":"https:\/\/api.w.org\/{rel}","templated":true}]}}